52 - 33))
-23
Evaluate 0 + 39 + (1 - 3) + -1045 + 1036.
28
Calculate (86 - (2 + -1)) + -76 + (-167 - -252).
94
What is (-21 - (-7 - -7)) + (-18 - (11 - 19))?
-31
118 + (-120 - 8 - 15)
-25
What is -38 + (99 - 81) + (1 - 24)?
-43
31 + (20 + -33 + 22 - (13 + 4 - -2))
21
What is the value of (19 - 9) + -11 + (19 - (41 - 1))?
-22
What is the value of (25 + 12 - (16 + 10)) + 57?
68
What is 52 + 14 + -48 + 26 - 12?
32
Evaluate 12 - 0 - (211 - (-317 + 496)).
-20
What is 77 + -79 - (-7 + 5 + (0 - 45))?
45
Calculate (-32 + 6 + -1 - -13 - -15) + 10 - -26.
37
Calculate 0 + -4 + -53 + -1013 + 1003.
-67
(4 - -7 - 4) + 21 - -7 - (-6 - -13)
28
What is (29 + -71 - (-4 - -14)) + (-8 - -9)?
-51
Calculate 58 - (39 + 11 - 2).
10
Evaluate 12 - (16 - (-14 + (28 - 17))).
-7
Evaluate -19 + 0 - (58 - 132) - 1.
54
Evaluate -23 + 52 + -1 + -1 + -71.
-44
Evaluate -7 + (8 + (10 - (8 + -9 - -9)) - -51).
54
(82 - 16) + (-21 - -3) + 0 + 0
48
-6 + -14 - (-31 + -4 - 7 - 28)
50
What is -94 + -3 - (-65 - (-198 - -97))?
-133
What is the value of (71 - (-9 + (19 - 14) + -1)) + -2?
74
What is -142 - (-28 - (31 - (94 - 50)))?
-127
Evaluate 10 - (-3 - (-5 - -3) - (122 - 141)).
-8
What is 74 - 21 - (-2 - 0) - 28?
27
What is 75 + -79 - ((0 - 11) + -4 - -5)?
6
What is the value of 7 + -15 + (-9 - 5 - -23)?
1
Calculate 43 + -48 - (-61 - ((-2 - (3 - -2)) + 5)).
54
(-2 + -1 - 8) + (-1 - (-6 - -14))
-20
Calculate (4 + -9 - (-31 - -28)) + 34 + -9.
23
-4 - ((-10 - -2) + 22 + -42) - (0 + -3)
27
-15 + (-25 - 1) + 38 + -15
-18
What is the value of -76 - -52 - -9 - -60?
45
Calculate -95 + (33 - (-33 - -85)).
-114
What is -15 - (-26 + 191 - 110)?
-70
What is -17 + (-1 - 0 - (-37 + (35 - 0)))?
-16
What is 8 + -42 - ((9 - -11) + -13 + 0)?
-41
Evaluate -222 + 228 + (-1 + -2 + -5 + 4 - -136).
138
(36 - (-10 - -31)) + -51
-36
What is -60 - ((-2267 - -2260) + -2 + (-2 - -5))?
-54
What is -7 - (-71 + (-58 - -70))?
52
What is 6 + (21 - 17 - 7) + -37 + (-4 - -2)?
-36
Calculate 63 - ((15 - 1) + (-18 + (49 - 39) - 7)).
64
Evaluate 23 + -25 + -10 + (50 - 58).
-20
Calculate 190 + -34 + -70 + 47.
133
Calculate -14 + -17 + 36 + (18 - -3).
26
What is 7 + (33 + -46 - (0 + (2 - -32) - -3))?
-43
What is (8 + -5 + 7 - (4 + 73)) + 11 - -6?
-50
-228 - -128 - (-23 - (-1 + 3))
-75
17 + (-9 - 16) + -7 + -81 + 14
-82
Evaluate -10 - ((40 - 43) + (0 - (-6 - (-11 - 3)))).
1
What is -1 + 1 + -1 + -103 + -55 + 152 + -10?
-17
Calculate 23 + -33 - -83 - 49.
24
41 - (-17 - (-15 - -1 - (280 + -280)))
44
What is the value of (-23 - 20) + 100 + -8?
49
What is the value of -45 + 1 + 1 + (22 - (5 - (28 + -53)))?
-51
Calculate 1 + (-16 - -5 - 4) + (92 - 104).
-26
What is the value of 7 - (5 + (2 - 3)) - (19 - 3)?
-13
Calculate -1 + -26 - (552 - 128 - 444).
-7
Calculate 2 + -2 + (-33 - (25 - 11)) + (1 - 8).
-54
What is (11 - 25) + -6 + -4 + 10 + -17?
-31
What is 5 + 0 + -16 + (-277 - -313)?
25
What is (353 + -477 - -116) + (0 - (-20 - 0))?
12
Calculate 0 + 6 - (-138 + -32 - -78).
98
Evaluate 46 + (-11 - (-31 - 11 - -30)).
47
-8 + 25 + -7 - ((-13 - 47) + 9)
61
What is 10 - (5 - (-7 + 1 - ((8 - 5) + -26)))?
22
Evaluate 21 + -5 - ((-41 - 3) + 27 + -13).
46
What is -5 + (-1 + 24 - (33 - 25))?
10
Evaluate 8 + (40 - 48 - -15 - (72 + 2)) + 13.
-46
0 + -1 + 2 + -254 + 599 + -298
48
-9 - -7 - (-8 + 34 + 0)
-28
What is the value of 13 + -37 + (-113 - -133)?
-4
What is (-25 + (23 - 11) - (-1 + -8)) + -9 - 46?
-59
What is the value of -32 + (26 - -10 - 21) + -3 + -1?
-21
Evaluate 19 + (21 - (-7 + 8)).
39
What is -26 - (-38 + (-2 - -22) + 14)?
-22
What is 24 - (22 + 23 + -41)?
20
What is 35 + (4 - 1) - (40 + 23 + -71)?
46
What is 68 + -128 + 103 + 38?
81
2 + -39 + ((35 - 72) + 60 - 9)
-23
81 + (-2 - 47 - -32)
64
What is the value of -36 + (5 - (4 - (-1 - 11)) - (-1 - 3))?
-43
590 + -696 + (-36 + 9 - -4)
-129
What is (-21 - -30) + 23 + -26 + -9?
-3
What is 19 + 1 - (4 + -38 + 134 + -41)?
-39
-6 - -4 - (-41 + 9 + 98)
-68
Calculate 15 - 19 - (-29 - -2) - 24.
-1
What is -57 - (-26 - (-9 + -2 + 6 - 8))?
-44
((-4 - (-11 - 1)) + -7 - 42) + 6 + 0
-35
Evaluate (100 + -97 - (-1 + 5)) + -5 + -4 + 76.
66
23 - ((-11 - (-37 + 22)) + 17)
2
(-41 - (19 + -16)) + 5 - -8
-31
Evaluate 2 + -1 + 1 + -9 - ((-24 - 15) + 38).
-6
Calculate 51 + -3 - (990 + -970).
28
Evaluate (-78 + 89 - (9 - 5)) + (2 - 75).
-66
(3 - 4 - (13 + -5)) + (8 - 4) + -50
-55
12 - (2 + (16 - (4 - 6)))
-8
Calculate -27 + (24 - 37) - -72 - 33.
-1
What is the value of -46 - (-3 - 2 - (10 - ((1 - -7) + 9)))?
-48
-55 + 67 - -2 - (3 - (2 + -42))
-29
-46 - (69 + 20 - 129)
-6
Evaluate (-102 - -121 - (4 + 28) - -20) + (1 - 42).
-34
What is 2 - (22 + -52 + (20 - 13))?
25
Evaluate -26 - (-17 + 19 + -19).
-9
Calculate -20 + 11 + -21 + -41 + (-1 - -3).
-69
Calculate -3 - (1 + (-5 + 2 - -31) + -7).
-25
Evaluate 64 - (108 - 45 - -13).
-12
17 - -3 - (1 + -21 + 52 + -17)
5
16 + (14 - 17) + 1
14
Calculate (14 - (-23 - -39)) + -31.
-33
What is the value of -9 - (-58 + 113 - 99 - (0 - 0 - 2))?
33
What is 41 + -20 + 42 + (0 - 14) + 3?
52
Calculate 4 + -66 - (-21 - (12 - 11)).
-40
What is 51 - (-17 - (-2 + -13 - -18) - -9)?
62
Calculate 118 - -20 - 347 - -83.
-126
What is the value of 31 + -28 + 11 - (21 + 3) - (-4 + -77)?
71
(5 - (-1 + -1)) + -67 + (8 + 11 - 18)
-59
What is -19 + 5 - (64 + -5) - ((-5 - 1) + 0)?
-67
What is 12 + -1 + (-117 - -117 - (-7 - -2))?
16
Calculate (8 - 5) + -11 + -15 + (12 - -3) - 48.
-56
Calculate (16 - 0) + (-36 - (-21 - -13)).
-12
What is the value of (69 + 109 - 70) + -79?
29
What is 45 + -2 - (6118 + -6127)?
52
-1 + -39 + 182 + -410 + 197
-71
-19 + 38 + -63 + 2
-42
Evaluate 21 + (57 - 141) - -49 - (-1 + 2 - 47).
32
What is the value of 65 + (71 - 69 - 98)?
-31
Calculate 37 - -2 - (54 - (-19 - -10)).
-24
What is 8 + (-174 + 171 - (4 + 1))?
0
-209 + (93 - 81) - -112
-85
Evaluate 7 + -1 + (-13 - -7) + 3 + 48 + -39.
12
-7 - -123 - (-110 + 108) - 31
87
-15 + (3 - -7) + 1 - 8 - (-1 + -95)
84
8 + -24 + (-173 - -114)
-75
What is (-5 - (-14 + 4 + -3 + 0)) + -55?
-47
What is the value of -11 + 65 + (14 - 0) + -23?
45
Calculate -11 - ((12 - 9 - 45) + 4) - -9.
36
What is 83 + 0 + 0 + 4 - (-5 + (-2 - -7))?
87
What is the value of 34 - (9 + -2 + (12 - 7 - (0 + 18)))?
40
-55 - -103 - 62 - (-5 + 1)
-10
What is (-19 - -9 - (-4 + (-9 - -6) - 0)) + -13?
-16
-11 + (-132 - -128) + -1 + -1
-17
Evaluate 0 + 3 + (-2 + -24 - -11) - 6.
-18
What is (-9 - (32 + 19 - 9)) + 19?
-32
Evaluate -88 + (44 - 17) - -84.
23
What is the value of (1 + 4 - (180 - 229)) + 8 + -7 + 8?
63
-24 + (-33 + (11 - 27) - -26)
-47
Evaluate (-79 - 7) + (9 - (-5 - ((-13 - -22) + -29))).
-92
What is the value of 17 + 24 + 18 + 2 + (8 - 8)?
61
Calculate -339 + 287 - (0 + -39).
-13
What is 2 + -7 - -4 - -84 - (64 + (-21 - 40))?
80
Calculate 135 - 110 - (70 - 5).
-40
What is -8 - (20 + -1 + -40) - -11?
24
Calculate 46 + 26 - 42 - -11.
41
Calculate 38 + (8 - 2) + -17 + 11 + -2.
36
What is (-251 - (-61 + -177)) + (0 - (5 - -1))?
-19
Evaluate (7 - -1) + -3 + (-88 + 49 - -38) + 36.
40
Calculate 4 + (-29 - -47) + -28 + (52 - (-2 - -1)).
47
What is the value of -16 - (20 + -54 - 0) - 58?
-40
-47 - (-12 + 9 + -25)
-19
61609 - 61736 - (9 + 1 + 0 + (-4 - -3))
-136
What is -56 - (-36 + 32 + -3)?
-49
Evaluate 17 + -2 + 2 + 1 + -16.
2
Evaluate 7 - (-2 + 33 + (-18 - -15)) - (28 + -24).
-25
What is the value of -2 + 2 - (553 + -495 + -23 + -1)?
-34
Calculate (9 - (-4 - 0 - (-489 + 541))) + (-1 - -1).
65
-1386 + 1377 + (38 - ((-3 - 0) + 4))
28
(-10 - 0) + 3 + -11 + 31 + -8
5
25 + (-18 - (13 + -42) - 99)
-63
Calculate (-1 + -1 + 3 - 11) + 10 + -7 + 33.
26
Calculate (2 - 32) + 153 + -138 + 9.
-6
What is -29 - (4 + -1) - (10 + (10 - 9))?
-43
Evaluate (-1 - 1) + -3 + 3 - (154 + (14 - 89)).
-81
Calculate -37 - (4 - (-28 - (32 - 68))).
-33
What is the value of 28 - (71 + -7 + -3)?
-33
What is 15 - (-17 - ((1 - -3) + 133 + -152 - -18))?
35
(-18 - (10 - 9 - 20)) + -41
-40
What is -7 + (-39 - -48) + -31 + -1?
-30
Calculate -2 + (4 - 16) + 64 + 50 + -35.
65
What is the value of (-1 - 166) + 1118 + -1028?
-77
-682 + 695 + -2 + -120 + 4 + -2 - -5
-102
What is 1 - 54 - ((2 - 1) + 2 - (18 + -8))?
-46
What is the value of -17 + -78 + 23 - ((10 - 10) + 14)?
-86
Evaluate -181 + -8 + (2486 - 2351).
-54
Calculate (-881 - -855) + (-13 - -7) + 97.
65
What is 2 + -2 - -3 - (4575 + -